6 - -1482. What is the thousands digit of z?
2
Let w = -24 - 90. Let x = 3 + -5. What is the units digit of x/(3/w*4)?
9
Let g(x) = 3*x**2 - 3*x - 1. Let s be g(3). Suppose -s = -4*i + 3*i. Let t = i + 1. What is the tens digit of t?
1
Suppose -5*q - 321 = 49. Let x = q + 125. What is the units digit of x?
1
Suppose -r - 386 = -2*k, -24*r + 21*r + 200 = k. What is the units digit of k?
4
Suppose 0 = 9*z + 3*z - 1380. Suppose -4 - 4 = -4*q. Suppose -5*w - 5*x + 100 = -2*w, q*x + z = 5*w. What is the units digit of w?
5
Let c(z) = 21*z**3 + z**2. Let b = -26 + 28. Suppose -4 = -6*t + b*t. What is the units digit of c(t)?
2
What is the tens digit of ((-8)/(-6) - 1) + 51984/54?
6
Suppose d - 4 + 0 = 0. Suppose -5*i = 5*l, 5*l = -d*i - 1 - 3. What is the units digit of i?
4
Let h(t) = -694*t**2 + 2*t**3 + 3*t - 21 + 680*t**2 - 3*t**3. What is the hundreds digit of h(-15)?
1
What is the hundreds digit of 1626*((-30)/18)/(-5)?
5
Let t(m) = m + 3. Let i be t(-1). Suppose -3*l + 31 = -y, l - i*y - y = 13. What is the units digit of l?
0
Let y(s) = 21*s**2 + 4*s + 162. What is the tens digit of y(11)?
4
Suppose 16 = 6*n - 2*n. Suppose 0 = r - n*r. Suppose -2*d = r, -4*c - 4*d - 2 + 162 = 0. What is the units digit of c?
0
Suppose -120*h = -125*h + 2065. Suppose 0 = 2*f - h + 19. What is the hundreds digit of f?
1
Let y(m) = -m**3 - 2*m**2 - 2*m + 1. Let n be y(-2). Let h = n - 2. Suppose 0 = -h*o + o + 40. What is the units digit of o?
0
Let p(b) = -33*b**2 - b + 2. Let y be p(1). Let x = 48 + y. What is the units digit of x?
6
Let v be 574/2 + 14/(-7). Suppose -8*i + v = -211. What is the units digit of i?
2
Let u = -4398 - -2025. What is the tens digit of u/(-28) - 3/(-12)?
8
Suppose 62*v + 85 = 57*v. Let a = -29 + 9. Let n = v - a. What is the units digit of n?
3
Let j = 2480 + -193. What is the hundreds digit of j?
2
Suppose -l - 2*f = 3*l - 2600, 2*l = -3*f + 1304. What is the hundreds digit of l?
6
Suppose z = 2*z + 14. Let b = 79 - z. What is the units digit of b?
3
Suppose -5*b - 3*s = 22, -4*b - 28 = 2*s + 3*s. Let f = 30 + b. What is the units digit of f?
8
Let j = -105 - -31. Let k = 12 - j. What is the tens digit of k?
8
What is the units digit of ((-1)/2 + 0)*(-1 + -1571)?
6
Let f be (15/10)/(((-21)/258)/7). Let u = f - -208. What is the units digit of u?
9
Let v(y) = y**2 - 19*y + 14. What is the units digit of v(-15)?
4
Suppose -7*g + 18688 = 880. What is the units digit of g?
4
What is the tens digit of ((-60)/(-9))/(61245/5103 + -12)?
8
Let v = -10 + 14. Suppose -5*z + 2*j + 450 = 0, 0 = -12*z + 9*z - 3*j + 249. Suppose v = -2*w + z. What is the tens digit of w?
4
Let h be 276 - 5*(-8)/(-20). Suppose h = 4*f + 106. What is the units digit of f?
2
Let q(o) = 14 - o**2 - 18 + 23. Let v be 0/(-1)*(1 + 0). What is the units digit of q(v)?
9
Let z(h) = -h**3 + 4*h**2 + 5*h - 2. Let u be 20*(18/15)/3. Let o = -5 + u. What is the tens digit of z(o)?
2
Let j = 13 + -12. Suppose r + j = 4. Suppose -2*f - 5*n + 19 = -f, 0 = -f + 3*n + r. What is the units digit of f?
9
Let r(y) = y**3 - 3*y**2 + 6*y - 9. Let b(a) = a**2 + 9*a - 5. Let p be b(-10). What is the units digit of r(p)?
1
Suppose 26*v + 254 = 1216. What is the units digit of v?
7
Suppose -3*r + 5*r = 12. Suppose -r*x + 8 = -4*x. Suppose 0 = -x*k + 3*k + 36. What is the units digit of k?
6
What is the tens digit of (3774/296)/(1/16)?
0
Let h(x) = 226*x - 9. What is the units digit of h(2)?
3
Suppose -259*z + 3636 = -253*z. What is the hundreds digit of z?
6
Let w = 17 - 17. Suppose y + 3*d + 35 = 0, 3*y - 4*d + 50 + 16 = w. What is the tens digit of (4/(-6))/(y/1131)?
2
Let m(j) be the second derivative of -3*j**3/2 + j**2/2 - 2*j. Let q be m(-1). What is the units digit of (-8)/10*(-75)/q?
6
Let s = -93 - -97. Suppose 0 = 5*m - 333 - 157. Suppose 3*d = -4*k + m + 47, 184 = s*d + 3*k. What is the tens digit of d?
4
Let a(o) = o**2 - o + 19. Let w be a(0). Let r = w - 16. Suppose -4*s - 47 = -h, 4*h + 0*h + r*s = 112. What is the tens digit of h?
3
Let f be (-151)/(-2) - 36/(-24). What is the units digit of 4/(-14) - (-99)/f?
1
What is the tens digit of (-1)/7 + (-236360)/(-280)?
4
Let i(w) be the first derivative of 5*w**3/3 + 4*w**2 - 16*w - 17. What is the units digit of i(4)?
6
Let o be 2/7*(8 + -1). What is the units digit of (146/4 + 3)/(1/o)?
9
Let k(s) = 9*s**2 - s - 1. Let a(u) = u - 4. Let m be a(2). What is the units digit of k(m)?
7
Suppose 4*c - 4*t = 696, -341 + 23 = -2*c - 4*t. What is the units digit of c?
9
Suppose -2*l - 26 = -4*f + 3*l, 0 = 2*f - 4*l - 16. Suppose f*i - 9*i = -10. What is the tens digit of i/(-8) + 121/4?
3
Let k be ((-2)/(-6))/(5/75). Suppose -h - f = f - 113, -k*f - 235 = -2*h. Suppose -5*s + h = -205. What is the tens digit of s?
6
Let s(h) = h**3 + 6*h**2 - 9*h + 1. Let b be s(-8). Let r = -4 - b. What is the tens digit of r?
5
Let d = -837 + 2992. What is the tens digit of d?
5
Let u(a) = 12*a + 2. Let x be u(2). Suppose -54 = -3*p + 2*n + n, x = 3*p + 4*n. What is the units digit of p?
4
Suppose -3*l + 53 + 10 = 3*a, a = -3*l + 31. Let k be (-11)/3 + 2/3. Let g = k + a. What is the units digit of g?
3
Let n be -4*-2*((-6)/(-4) - 2). What is the hundreds digit of (n/12)/((-2)/1356)?
2
Let f be (6/5)/(51/425). Let r(z) = 11*z - 19. What is the tens digit of r(f)?
9
Let l = -47 + 151. Suppose -15 = 3*d, -l = -4*s - d + 63. What is the units digit of s?
3
Let w be ((-6)/15)/((-2)/470). Suppose 0 = -2*u, 4*r - w + 26 = -4*u. Suppose -3*m = 4*g - 114, -4*m - r + 200 = -5*g. What is the units digit of m?
2
Let g be ((-6)/(-9))/((-12)/(-36)). Suppose g*y = 205 + 299. What is the hundreds digit of y?
2
Let v(z) = 2*z**2 - 12*z - 3. Let a be v(6). What is the tens digit of (4 - 5)/(a/207)?
6
Suppose 4*m - 160 = 248. Suppose -3*r + m = -0*r - j, 4*r - 129 = -j. Suppose 2*i - r = -i. What is the tens digit of i?
1
Let z(f) = 7*f + 0*f - 7*f + 35 + 3*f. What is the units digit of z(-11)?
2
Let t = -5993 + 8687. What is the tens digit of t?
9
Suppose 3*j + 6 - 15 = 0. Suppose -5*r - c - 13 = -38, 5*c = -j*r + 15. Suppose -5*k = r*u - 65, -2*u - 21 = -3*u + k. What is the units digit of u?
7
Suppose 70*b - 68*b = 1510. What is the hundreds digit of b?
7
Let d(s) = -3*s - 14. Let r be d(-5). What is the units digit of r*21/6*18?
3
Let b = 576 - 90. Suppose 4*g + 26 = b. What is the units digit of g?
5
Let b = 357 + -143. Suppose -3*w - 348 = -3*n, -326 = -5*n - 3*w + b. What is the tens digit of n?
1
Let k(y) = 2*y**2 - 17*y - 1. Let b be k(10). Let g = b + -9. What is the units digit of g?
0
Let u(c) = 27*c**2 + 14*c - 31. What is the units digit of u(3)?
4
Let f = 31 - 27. What is the tens digit of (0 + 2)/(f/50)?
2
Let c = 7 - 10. Let x = -1 - c. Let m(z) = z**3 - z**2 - 1. What is the units digit of m(x)?
3
Let r(t) = -4*t**2 + t - 7. Let b be r(-3). Let l = 117 + b. Suppose l = 3*x - 37. What is the tens digit of x?
3
Suppose d + 4 - 1 = 0. Let s be (51/(-9))/((-1)/d). Let i = 43 + s. What is the units digit of i?
6
Let u be (0 + (-21)/9)*-3. Suppose 0 = -u*p + 14 + 28. What is the units digit of p?
6
Let b = 8 - 0. Let g(n) = 2*n**3 - 2*n - 1. Let k be g(-1). Let u = b + k. What is the units digit of u?
7
Let y(o) be the first derivative of o**4/4 + 3*o**3 + 4*o**2 + 6. Let h be y(-8). Suppose -39 = -h*n - 3*n. What is the units digit of n?
3
Let r(i) = -2*i**3 - 7*i**2 + 9*i - 8. What is the hundreds digit of r(-7)?
2
Let d = -3 + 3. Suppose d = -3*k - 7 + 1. What is the tens digit of 5/k*232/(-20)?
2
Suppose -3 = k - 6. Let r be 22/6 + k/9. Suppose 0 = 4*o + 2*w + w - 16, -r*w = -16. What is the units digit of o?
1
Suppose w - 4*g - 14 - 8 = 0, 5*g = -2*w - 21. Suppose 0*v + 104 = w*v. What is the tens digit of v?
5
Suppose 2*q - 5*q - 426 = 0. What is the hundreds digit of (5 - -5)/(-2) - q?
1
Let h be ((-11)/(-2))/((-3)/(-18)). Let q = 3 + -1. Suppose -2*t = q*j - 48, -j = 3*t - h + 7. What is the units digit of j?
3
Suppose 16153 = 13*l - 6896. What is the thousands digit of l?
1
Let f = 855 - -639. What is the tens digit of f?
9
Let b(c) = 14*c - 1. Let n be b(2). Let w = n + -67. Let j = 9 - w. What is the units digit of j?
9
Suppose 16*x - 17*x = -126. Let n = -76 + x. What is the tens digit of n?
5
Let q be (-54)/9*(-6)/4. Let h be 2/(-3) - 39